
3, 52183543
What are the prime factors of 50941084?
2, 83, 153437
What are the prime factors of 1693085252?
2, 423271313
What are the prime factors of 54916993?
853, 64381
List the prime factors of 101868722.
2, 83, 613667
List the prime factors of 5269547361.
3, 13, 2203, 61333
List the prime factors of 193162249.
7, 27594607
What are the prime factors of 407557836?
2, 3, 7, 61, 26513
List the prime factors of 1164759736.
2, 7, 19, 199, 5501
What are the prime factors of 337627746?
2, 3, 18757097
What are the prime factors of 235047127?
7, 587, 57203
List the prime factors of 8619561.
3, 17, 89, 211
What are the prime factors of 164384671?
11, 101, 13451
What are the prime factors of 32344744?
2, 17, 29, 59, 139
What are the prime factors of 210562611?
3, 7, 509, 19699
List the prime factors of 64986958.
2, 2213, 14683
List the prime factors of 587229809.
3539, 165931
List the prime factors of 1594573386.
2, 3, 7, 37, 43, 487
What are the prime factors of 48827139?
3, 31, 163, 3221
List the prime factors of 314532593.
19, 149, 111103
What are the prime factors of 1734658034?
2, 867329017
What are the prime factors of 155129167?
19, 8164693
What are the prime factors of 7449110?
2, 5, 744911
List the prime factors of 129254573.
7, 18464939
List the prime factors of 354434407.
769, 460903
List the prime factors of 5077367936.
2, 179, 221603
What are the prime factors of 169949733?
3, 137, 197, 2099
What are the prime factors of 8806865?
5, 29, 60737
List the prime factors of 179456697.
3, 7, 37, 167, 461
List the prime factors of 88675223.
7, 13, 19, 51287
What are the prime factors of 171435809?
171435809
What are the prime factors of 18068298?
2, 3, 3011383
List the prime factors of 15796528.
2, 11, 89753
What are the prime factors of 180526974?
2, 3, 223, 134923
List the prime factors of 19574442.
2, 3, 761, 1429
List the prime factors of 569198985.
3, 5, 37946599
What are the prime factors of 7785984?
2, 3, 37, 137
List the prime factors of 135282501.
3, 5010463
What are the prime factors of 25423975?
5, 1016959
What are the prime factors of 1320001469?
2161, 610829
List the prime factors of 393728173.
229, 1719337
List the prime factors of 4545236882.
2, 2272618441
List the prime factors of 580118745.
3, 5, 37, 439, 2381
List the prime factors of 31609555.
5, 71, 89041
What are the prime factors of 3586903323?
3, 5897, 202753
What are the prime factors of 17067842?
2, 11, 775811
List the prime factors of 1605268729.
1609, 997681
List the prime factors of 45493644.
2, 3, 7, 379, 1429
List the prime factors of 40225154.
2, 1979, 10163
What are the prime factors of 1413927012?
2, 3, 117827251
List the prime factors of 58466201.
211, 401, 691
List the prime factors of 101574072.
2, 3, 23, 83, 739
What are the prime factors of 516767095?
5, 13, 29, 274147
What are the prime factors of 71611940?
2, 5, 3580597
What are the prime factors of 2704954954?
2, 13, 67, 523, 2969
List the prime factors of 79278438.
2, 3, 73, 181001
What are the prime factors of 186684125?
5, 1493473
What are the prime factors of 11097294?
2, 3, 13, 17, 8369
List the prime factors of 453123431.
41, 11051791
List the prime factors of 775282656.
2, 3, 59, 136879
List the prime factors of 47317064.
2, 2281, 2593
List the prime factors of 38530631.
97, 397223
List the prime factors of 469924420.
2, 5, 7, 37, 83, 1093
List the prime factors of 40116403.
281, 367, 389
List the prime factors of 51196978.
2, 7, 67, 54581
List the prime factors of 100243100.
2, 5, 79, 12689
What are the prime factors of 347640950?
2, 5, 6952819
What are the prime factors of 51731833?
17, 3043049
What are the prime factors of 30595374?
2, 3, 37, 15313
What are the prime factors of 606705311?
433, 1401167
List the prime factors of 95934236.
2, 59, 406501
List the prime factors of 6630188309.
17, 390011077
List the prime factors of 38415689.
13, 2955053
List the prime factors of 1427545.
5, 7, 40787
What are the prime factors of 391950194?
2, 127, 1543111
List the prime factors of 106417089.
3, 11824121
What are the prime factors of 156241447?
41, 3810767
What are the prime factors of 65412275?
5, 2616491
What are the prime factors of 2226366704?
2, 431, 322849
List the prime factors of 921075922.
2, 13, 35425997
List the prime factors of 1382011235.
5, 11, 23, 37, 29527
What are the prime factors of 22083394?
2, 1607, 6871
List the prime factors of 1218947330.
2, 5, 23, 5299771
List the prime factors of 494926312.
2, 1759, 35171
List the prime factors of 1174755155.
5, 7, 773, 6203
What are the prime factors of 119563348?
2, 251, 119087
What are the prime factors of 716020082?
2, 31, 1427, 8093
List the prime factors of 584303432.
2, 59, 1237931
List the prime factors of 55484801.
29, 1913269
What are the prime factors of 40927087?
547, 74821
What are the prime factors of 162667175?
5, 11, 61, 9697
List the prime factors of 149838149.
41, 293, 12473
List the prime factors of 7876380.
2, 3, 5, 251, 523
List the prime factors of 2019773709.
3, 73, 83, 37039
List the prime factors of 482575200.
2, 3, 5, 201073
What are the prime factors of 978519197?
1151, 850147
List the prime factors of 4707065.
5, 11, 23, 61
What are the prime factors of 5508597?
3, 37, 49627
List the prime factors of 154814281.
154814281
What are the prime factors of 746376700?
2, 5, 2393, 3119
List the prime factors of 179025756.
2, 3, 7, 13, 12611
What are the prime factors of 99737883?
3, 7, 32309
List the prime factors of 703936467.
3, 13, 643, 3119
List the prime factors of 586420784.
2, 331, 110729
List the prime factors of 554548056.
2, 3, 71, 325439
List the prime factors of 16936637.
16936637
List the prime factors of 3772074846.
2, 3, 5113, 122957
What are the prime factors of 34892642?
2, 1627, 10723
What are the prime factors of 639510429?
3, 131, 1627253
What are the prime factors of 308505474?
2, 3, 53, 323381
What are the prime factors of 38920567?
7, 71, 78311
List the prime factors of 1176233896.
2, 1481, 99277
List the prime factors of 11147386.
2, 5573693
What are the prime factors of 81159185?
5, 16231837
What are the prime factors of 1452681?
3, 173, 311
List the prime factors of 31119118.
2, 15559559
List the prime factors of 311376821.
7, 197, 32257
List the prime factors of 150128574.
2, 3, 83, 301463
What are the prime factors of 17309465?
5, 127, 27259
List the prime factors of 6666219651.
3, 7, 13, 23, 151667
What are the prime factors of 186527099?
11, 16957009
What are the prime factors of 17802077?
17, 41, 25541
List the prime factors of 35769682.
2, 13, 1375757
List the prime factors of 1699022818.
2, 849511409
What are the prime factors of 13452081?
3, 4484027
What are the prime factors of 46821623?
167, 181, 1549
List the prime factors of 40386530.
2, 5, 53, 181, 421
What are the prime factors of 1456213857?
3, 7, 69343517
What are the prime factors of 25748285?
5, 17, 302921
What are the prime factors of 8466961?
8466961
List the prime factors of 85441582.
2, 47, 908953
List the prime factors of 1107739121.
19, 58302059
List the prime factors of 169640412.
2, 3, 37, 382073
What are the prime factors of 378209174?
2, 7, 19, 41, 34679
What are the prime factors of 41838?
2, 3, 19, 367
List the prime factors of 56558560.
2, 5, 151, 2341
What are the prime factors of 89069666?
2, 7, 67, 269, 353
List the prime factors of 488889424.
2, 29, 599, 1759
List the prime factors of 928334524.
2, 13, 2473, 7219
What are the prime factors of 1924920979?
1924920979
What are the prime factors of 50230211?
50230211
List the prime factors of 125331647.
7, 1619, 11059
What are the prime factors of 94662876?
2, 3, 7, 11, 53, 1933
List the prime factors of 43168441.
619, 69739
List the prime factors of 176123285.
5, 13, 2709589
List the prime factors of 883204167.
3, 31, 306349
What are the prime factors of 51301450?
2, 5, 1026029
List the prime factors of 51493186.
2, 1307, 19699
What are the prime factors of 229032035?
5, 37, 97, 12763
What are the prime factors of 1940129313?
3, 646709771
What are the prime factors of 331976232?
2, 3, 7, 163, 449
What are the prime factors of 112123981?
71, 419, 3769
List the prime factors of 7364233490.
2, 5, 8263, 89123
List the prime factors of 235442648.
2, 7, 29, 139, 149